b*n. What is the remainder when n is divided by 9?
6
Let f = 13 + 3. Let j(r) = r - 24. Let i be j(23). What is the remainder when i*(-2 + 5 + 2 - 50) is divided by f?
13
Let d(c) = 11*c**2 + 208*c + 23. What is the remainder when d(-26) is divided by 35?
21
Suppose 0*y + 18*y + 7434 = 32*y. Calculate the remainder when y is divided by 8.
3
Suppose 3*h = -a + 20, 571*a + 3*h = 557*a + 592. Calculate the remainder when a is divided by -2 + 1*(-5)/(-1).
2
Suppose 3*w = -4*l + 64, -89*w - 19 = -3*l - 84*w. What is the remainder when 3936 is divided by l?
10
Let u = -3135 + 3426. Calculate the remainder when u is divided by 100.
91
Suppose -34*r = 2*x - 901940 - 82920, -2*r = 4*x - 57898. Calculate the remainder when r is divided by 68.
67
Suppose -3*w + 599 = -j, -4*w + 2*j + 544 = -258. Suppose 4*b + 118 = r + 49, -191 = -3*r - 4*b. Calculate the remainder when w is divided by r.
3
Let a = -84 - -44. Let q(i) = i**2 + i + 40. What is the remainder when q(0) is divided by 7/((-5)/a*8)?
5
Suppose 3*d - 235 = -11*a + 6*a, -188 = -4*a + 5*d. Suppose 27 + a = 2*u. Let p(s) = 65*s - 3. Calculate the remainder when p(4) is divided by u.
35
Let m be (4 - -58)*1/(-2). Let z = -27 - m. Suppose z*l - 6 - 46 = 0. Calculate the remainder when 50 is divided by l.
11
Suppose 3*j + 4*b = 166, 2*b + 292 = 3*j + 150. What is the remainder when j is divided by 23?
4
Let o be (1217 - (-9 - -3)) + -3. Let d = 4 - -20. What is the remainder when -5 - (1/2)/((-5)/o) is divided by d?
21
Let v = -1163 - -7038. What is the remainder when v is divided by 52?
51
Let v(n) = -n**3 - 12*n**2 - 63*n - 33. Calculate the remainder when v(-12) is divided by 360.
3
Let r = -199 + 280. Suppose -2*o + w + 2*w = -r, 4*o - 3*w = 147. Calculate the remainder when 55 is divided by o.
22
Let j = 7296 - 7255. What is the remainder when 597 is divided by j?
23
Let a = -4887 + 4900. Calculate the remainder when (-2)/7 + (-7830)/(-63) is divided by a.
7
Let m = -2554 + 4437. Suppose -16*i + m + 757 = 0. Suppose 0 = 5*n - 4*b - 402 + 119, -3*n + 4*b + i = 0. Calculate the remainder when n is divided by 20.
19
Suppose 4 = 4*i - 4. Suppose -5*s + 4*s = i*k - 24, -5*s - 10 = -3*k. Calculate the remainder when 153/(-357)*777/(-9) is divided by k.
7
Let f = -103 + 123. Suppose -3*u - 187 = 38. Calculate the remainder when f is divided by u/(-11) + 20/110.
6
Let w = 30 - 138. Let h = 153 + w. Calculate the remainder when h is divided by 25.
20
Let t(c) = -30*c**2 + 3. Let l(q) = -90*q**2 + 9. Let v(u) = -3*l(u) + 8*t(u). What is the remainder when v(2) is divided by (-9 - -6)*(-120)/9?
37
Let x(c) = c**2 + 33*c + 295. Calculate the remainder when (1*-1)/((-18)/3258) - 0 is divided by x(-19).
7
Suppose 28*i - 52 = 32. Suppose -5*u + 90 = v, v + 54 = i*u - 0*u. Calculate the remainder when u is divided by 8.
2
Let k = 173 - 154. Suppose -1984 = -k*x + 3*x. Calculate the remainder when x is divided by 18.
16
What is the remainder when 6296 is divided by 268/(-5)*5*23/(-46)?
132
Suppose 5*s - 3*n = s + 215, -s - 3*n + 35 = 0. Suppose -94*h + 16776 = 2864. Calculate the remainder when h is divided by s.
48
Suppose 0 = -17*h + 19*h - 92. Let s = 48 - h. What is the remainder when (6*s/18)/((-4)/(-390)) is divided by 17?
14
Suppose 377*u + 290*u = 218776. What is the remainder when 925 is divided by u?
269
Suppose 0*t - 45 = -5*t. Let s(p) be the third derivative of p**5/30 - 4*p**4/3 + 33*p**3/2 + p**2 - 11. What is the remainder when t is divided by s(12)?
0
Let x(b) = -b**3 + 25*b**2 - b + 235. What is the remainder when 2931 is divided by x(25)?
201
Let o = 1119 - 739. Let f = 455 - o. What is the remainder when f is divided by 10?
5
Suppose -6*b + 10 + 38 = 0. Let g = 193 - 89. Suppose -b*s + 4*s + g = 0. What is the remainder when 76 is divided by s?
24
Suppose 5*f - 16*h - 1340 = -12*h, 15 = 3*h. What is the remainder when f is divided by 116?
40
Let v be ((-15)/9 - -3)*3/2. Suppose -4*n + 798 = v*s, n - 5*n = -5*s - 819. Calculate the remainder when n is divided by 29.
27
Let n be (0 - (-4 - -2)) + -104. Let s = n + 345. Calculate the remainder when s is divided by 35.
33
Let i = 627 + -989. Let y = -126 - i. What is the remainder when y is divided by (((-204)/(-3))/(-2))/(-2)?
15
Suppose -6*q = -q + 75. Let h = q - -24. Suppose 6 = 3*p - 6. Calculate the remainder when h is divided by p.
1
Calculate the remainder when 157 - (-7)/2*(-1)/(28/32) is divided by 18.
9
Suppose t + 27 = 2*m, -5*m + 56 = 3*t + 16. Let g(o) = 10*o + 190. Let p be g(26). Calculate the remainder when (p/200)/((-1)/(-24)) is divided by m.
10
Suppose 22*o = 18*o - 124. Let l = o + 62. Calculate the remainder when 105 is divided by l.
12
Let y = -10831 + 11283. Calculate the remainder when y is divided by 18.
2
Suppose -70 = -4*g - 174. Let c = 46 + g. Calculate the remainder when 119 is divided by c.
19
Let f(b) = -b**3 + 12*b**2 - 9*b + 109. Let n be f(12). What is the remainder when 369 is divided by (2 + n)*-1 - (19 - 34)?
9
What is the remainder when 29/261*-45 - (1 + -514 + 0) is divided by 216?
76
Let v = -5934 + 5939. Let r = -132 - -245. Calculate the remainder when r is divided by v.
3
Let z = 24137 + -9033. What is the remainder when z is divided by 53?
52
Let n = -113 - -157. Suppose -2*f + h + 127 - 6 = 0, -n = -f - 5*h. Let a(q) = q**3 + 5*q**2 - 7*q + 4. Calculate the remainder when f is divided by a(-6).
9
Let x(i) = 4*i**3 - 3*i**2 - i - 5. Let u be x(4). Suppose 4*l + u = -89. Let f = 83 + l. What is the remainder when f is divided by 6?
5
Let f be 1/(-4)*855 - (-132)/176. Let k = f + 216. Calculate the remainder when k is divided by 1.
0
Suppose 0 = -77*m + 22*m + 7920. Let h = 23 - -26. What is the remainder when m is divided by h?
46
Suppose -398 = -5*p + 1087. Calculate the remainder when p is divided by (-16)/((0 - -4) + (-28)/(-224)*-40).
9
Let n = 42 + -46. Let t(p) = p**3 + 10*p**2 + 8*p + 12. What is the remainder when t(n) is divided by 45?
31
Let t = 3607 + -3449. Calculate the remainder when t is divided by 135.
23
Suppose 0 = l + 3*h - 3, l - h = -9 + 28. Suppose 7*x = l + 48. Let y(o) = -o**3 + 7*o**2 + 2*o - 7. Calculate the remainder when y(3) is divided by x.
8
Let q be 0*(1 + 3/(-2)). Suppose 119 = 2*s - v, -3*v = -q*s - 3*s + 177. Calculate the remainder when 413/4 + (-15)/s is divided by 26.
25
Let x(l) = 6*l. Let q(a) = -a - 1. Let b be q(0). Let o(v) = -140*v + 3. Calculate the remainder when o(b) is divided by x(6).
35
Suppose 5*w + 69 = 2*k + 766, 2*w - 282 = 4*k. Let r(t) = -70*t + 20*t**2 - 70*t + w*t - 4. Calculate the remainder when r(2) is divided by 27.
20
Let a(q) = 94*q + 8788. Calculate the remainder when 175 is divided by a(-93).
37
Suppose 4*t - t + 2*f = 238, -4*t - 3*f + 318 = 0. Suppose -4*g + t = 5*j - 115, -2*j - 5*g = -84. What is the remainder when 159 is divided by j?
11
Let y = 7047 - 7028. Suppose 3*c = 8*c - 250. Calculate the remainder when c is divided by y.
12
Calculate the remainder when (-6*(-8)/(-36))/(224/(-42504)) is divided by 201.
52
Let f(q) = -q**3 + 10*q**2 + 128*q - 1211. Suppose -2*d - 276 = -d. Calculate the remainder when f(12) is divided by d/(-15) - 3/(-5).
18
Let j be 2*2/4 - -4. Suppose j*u = 3*o + 51 + 34, 0 = u - 2*o - 24. What is the remainder when 22 is divided by u?
8
Let h = -164 - -163. What is the remainder when 12/((h/((-62)/(-6)))/(-2)) is divided by 25?
23
Let j = 115 - 115. Suppose j*t - 4*t + 392 = -4*m, -497 = -5*t - 2*m. Suppose -2*z - 35 = -q, -2*q + 70 = q + z. What is the remainder when t is divided by q?
24
Let q(l) = -l**3 + 2*l**2 + 3*l - 3. Let i = 40 + -38. Suppose -i*o - 2*b + 4 = 0, 3*b - 22 = -o - 2*b. Calculate the remainder when q(o) is divided by 12.
9
Suppose -34*o + 9*o = 0. Suppose -2*z = z + 348. Calculate the remainder when o + z/(-2) + -2 is divided by 30.
26
What is the remainder when 14033 is divided by 14/(-1 - -2) + (-1472)/(-184)?
19
Calculate the remainder when 465 is divided by (-5)/(-15)*(-3852)/(-96) + (-6)/16.
10
Calculate the remainder when 3443 is divided by (-19140)/(-363) - (-6)/22.
51
Let j = -48550 - -48559. Suppose 0 = z + 5*w + 1, -21 = 3*z - 3*w. Let y = z + 9. What is the remainder when j is divided by y?
0
Let o = 954 + -538. Let s = o - 114. What is the remainder when s is divided b